?
34
42 - -28 - (-19 + 3 + 32)
54
What is 24 + 2 - 26 - (-43 - -2)?
41
What is the value of -5 + (-8 + (-7 - (-6 - 74)) - (1 + -6))?
65
What is (20 - (-11 - -25) - 15) + (28 - 122)?
-103
What is the value of -39 - -1 - (106 + (-31 - 82))?
-31
Calculate -7 + (-249 - -259) + (38 - (-2 + -1)).
44
-22 - (-31 + 52 - (52 - 2))
7
Evaluate (-18 + 39 - 12) + -30 + 30 - 84.
-75
Calculate 22 - 9 - ((9 - 3) + -6 + 48).
-35
What is the value of 115 + -271 - -186 - 43?
-13
Calculate 56 + -179 - (20 + -118).
-25
4 + -50 + 18 + 40
12
(85 - 9) + -2 - (-71 - -95)
50
Calculate 43 - 46 - -23 - 39 - 113.
-132
What is the value of (93 - 66) + 0 + -19 + 12?
20
Calculate 68 - (17 + 97 + -153).
107
Evaluate 30 - 26 - 114 - -57.
-53
-14 + 10 + -23 + 1
-26
-74 + 75 + -50 + -2 + (-11 - (-14 + 7))
-55
Evaluate -46 + 19 - (-6 - (5 + -10)).
-26
(-7 - -4 - (12 + -30)) + 2
17
What is the value of -18 + 13 + (43 - 38 - 5)?
-5
Evaluate (1 - 10) + (4 - (-17 + -13) - -6).
31
Evaluate (-61 - 2) + 12 + (-93 - -92).
-52
122 + -133 + 58 - -14
61
16 - 13 - ((3 - 4) + -12 + 43)
-27
-18 + 6 + 13 - (-31 - (-12 - 18))
2
Evaluate (2 - 0 - (-21 + (-39 - -66))) + 84.
80
What is the value of (128 + -141 - -12) + (1 - -1 - 62)?
-61
278 - (61 + 239) - (116 - -1 - 2)
-137
What is -16 + (23 - 6) + -47 - 14?
-60
Calculate 16 + (-9 - (15 - (12 - (-12 - -15)))).
1
(-4 - (-107 - -1) - (2 - 10)) + 10 + 3
123
Evaluate -13 + (7 - 8) - (106 - (7 - (-10 - -5))).
-108
-3 + -48 + (104 + -113 - -7)
-53
-4 - (304 + -315 - (-5 - (-8 - 3)))
13
Calculate 22 + 0 - ((19 - -18) + -117) - -12.
114
Calculate (139 - 4) + -83 - -46.
98
What is the value of (83 - 60 - 37) + -63?
-77
What is the value of -63 + (-5 - (17 - 20)) - 6?
-71
What is the value of 11 - (42 + (72 - 61))?
-42
Evaluate (58 - (-42 + 87)) + (-6 - (-106 - -5)).
108
(-2747 - -2710) + 4 + -2 + 12
-23
What is the value of (7 + -4 - 7) + 6 + (-6 - -2) + -3?
-5
Evaluate 16 - 8 - (35 - 47).
20
What is -1 - ((-4 - 61) + 5 + 32 + -22 + -2)?
51
Calculate -12 - (-2 + (-24 - (-71 - 25))).
-82
What is -18 + (-15 - (-24 + 5 + -8))?
-6
-67 + 29 + -17 + -1 + (7 - (22 + -12))
-59
What is the value of 95 - -13 - (7 - (-1 + -20 - -26))?
106
(-12 + 18 + (-27 - -33) - (0 - 8)) + 8
28
What is (1128 - 1092) + (-1 - -19) + 1 + 2 + 1?
58
What is (93 + -113 - 26) + 37?
-9
What is -15 - (-16 - (16 + -26 + 13))?
4
24 - ((23 - 14) + 11 - -114 - -3)
-113
Calculate (2762 - 2693) + (-11 - (1 - -1)).
56
Evaluate 5 + (0 - (1 - 6)) + 0 + -15.
-5
What is the value of (-8 - 8 - -17) + -8 + -4 - 37?
-48
What is the value of 2 + 4 + 8 + 2 + (537 - 598)?
-45
What is (-1 - -1) + (-150 + 65 - -63)?
-22
What is the value of -66 + 3 + -441 + 551?
47
Evaluate 7 + (-55 - 28) - -102.
26
2 + (7 - (23 + (-10 - -7) + -2))
-9
Calculate -41 + -96 + 147 + -107.
-97
Evaluate 34 + 5 + 15 + -45 + -73.
-64
Calculate -21 + (-239 + 236 - (-1 + -16)) + -10 + 1.
-16
What is -28 + -5 + 6 + 17 + 1 + -84?
-93
What is the value of -24 + 2 + 47 + -47 + -45?
-67
Evaluate (-17 - (11 - ((9 - -4) + -5))) + (6 - -2).
-12
Calculate 22 - (40 + -8) - (25 + -2).
-33
1 + 23 + 55 + (-52 - -24)
51
-14 + 128 - 42 - 13
59
What is the value of (6 - -7) + -23 - (-4 + -13)?
7
6 - 25 - (101 - 149)
29
Evaluate (-15 + -4 - (-7 - 7)) + 42.
37
What is the value of 19 - (1 + (-22 + -2 - -19))?
23
Evaluate 133 - 130 - (-1 - -2) - (-20 - -1).
21
Calculate 24 - -5 - -5 - ((15 - 37) + 11).
45
What is the value of -15 + (6 - (-233 - -84))?
140
(-4 - -161) + (-11 + 14 - 42)
118
-7 + (2 - (22 + -10)) + -3 + 26 + 17
23
Calculate -5 + -53 + -58 + 48 + 11 + 0 - -3.
-54
What is the value of -10 + 2 + 9 + 5 + -9 + 8 + -5?
0
What is the value of 92 + -35 + 27 + -10 - -31?
105
Evaluate 20 + -10 - 9 - -32 - (-4 - 5).
42
-30 + 24 + 4 - (1 + -11 - 1) - -25
34
Evaluate 44 + (1 - 1) + -16339 + 16353.
58
-7 + 29 - (42 + -58)
38
What is -50 + -13 + (14 - -22) + -39?
-66
What is the value of 1312 + -1289 - (-3 + 33)?
-7
What is the value of (49 - 0) + 5892 + -5945?
-4
(-6 - -25) + 4 + -1
22
Evaluate 8 + (3 - 12 - -3) + (-4 - 55).
-57
What is the value of (-7 + -32 - 6) + 3 + (7 - 8) + 8?
-35
What is the value of (-36 - 88) + 88 - (-1 - -2)?
-37
57 + -162 + 55 - 91
-141
(75 - 12) + (-8 + 14 - (-12 - 5))
86
What is the value of (-24 + -7 - -45) + (-4 - 30)?
-20
Calculate 28 - (-8 + -4 - (20 + 3 - 27)).
36
What is the value of -14 + 2 - (-2 + 17 + -6)?
-21
(-10 + 1 - 16) + -26 + 163
112
Evaluate -45 - -1 - 1 - (-15 + -36 + 49).
-43
Calculate -18 - (27 + (2 - 24) + (5 - 1) - 20).
-7
-2 + 14 + -21 + -81 + 6
-84
Evaluate 31 - (-1 - -5) - (-21 - -17 - -2 - -12).
17
What is the value of 2 - (5 + 60) - (507 - 528)?
-42
What is -8 + -7 + -3 + 31 + -12 + -13?
-12
(43 - 72) + 26 + 16 + -18
-5
Calculate (-14 - -2) + 16 + (-6 + 5 - -32).
35
6 + (-25 - -39 - ((-3 - -11) + 2))
10
Calculate -1 + -2 + 1 - (-3 - -31).
-30
Evaluate -3 - -10 - (-25 - -27) - 3 - (-7 + 3).
6
(-10 - 1) + 7 + -5 - 1 - 0 - 42
-52
96 + -18 + (28 - 24) - (23 - 6)
65
Evaluate (-25 - -57 - (-1 - 8)) + (-7 - 11) + 7.
30
-1 - (-66 - (-41 - -18))
42
What is -13 + -2 - ((12 - (-76 + 115)) + 1 + 14)?
-3
-104 + 158 + -175 + 77
-44
Evaluate -11 + 11 + 47 + -18.
29
Evaluate 37 - (-62 + 25) - 104.
-30
Evaluate (-7 - 14) + (15 - (-8 + 13)) + -14.
-25
Evaluate 77 + -163 + 139 - (-2 + (22 - -2)).
31
What is the value of (-223 - -164) + (99 - 1)?
39
1 - 55 - 1 - (35583 + -35591)
-47
(-14 - (38 - -1)) + 86
33
What is -55 + -191 + 108 + 39?
-99
-7 + -1 + (-1 - -3) + (174 - (29 + 105))
34
What is the value of (16 - (16 + 8)) + 18 - (2 + (-4 - -60))?
-48
What is -5 - (9 + (-9 - -1) + 2)?
-8
Evaluate 1 + -2 - (30 + 46 + -5 + (-12 - -10)).
-70
What is the value of 45 + 1 - ((-12 - -26) + -10 + -3 - 1)?
46
22 + (6 + -2 + -19 + 4 - -9 - 4)
16
What is the value of -5 - 7 - (177 + -230)?
41
What is -16 - (21 - (-193 - -124) - (24 + 1))?
-81
What is the value of -2 + -12 + 2 + 15 + 11 + -3?
11
Evaluate -1 + -3 + 8 + 57 + (20 - 10) + -8.
63
Calculate 4 + 49 + (-1 - 0) - (103 - 93) - -5.
47
Calculate (110 - (-42 - -68)) + -100.
-16
336 + -378 + (-5 - 10)
-57
Evaluate (3 + 6 - (50 - 37)) + (8 - (4 - 2)).
2
Calculate 28 + 14 + (29 + -3 - 68).
0
Calculate (-3 - 1) + (-6 - (5 + (-14 - -2)) - -51).
48
What is -54 + (-121 - (43 + -304))?
86
What is the value of 687 + -689 + (-6 - (2 - (12 - -6)))?
8
What is 6 - (-18 - -8) - (14 - 90)?
92
(6 - (-2 - -10)) + (-104 - -140)
34
Calculate (-5 - 3) + (-5 - (-13 - 32 - -18)) + -5.
9
What is the value of 11 - -1 - ((2 - (11 - 1)) + 22)?
-2
What is (4 + 48 - 27 - 27) + (-65 - -4)?
-63
Calculate 29 - 1 - ((-25 - -55 - 43) + 1 + 11).
29
What is (-27 - (-9 - -7)) + -10 - (8 + -5 + -3)?
-35
Evaluate -76 + 0 - (614 - 679).
-11
Calculate 0 + (0 + -5 + 6 - -9).
10
-1 + -43 + 70 - 62 - -35
-1
What is the value of 35 + 1 + -29 - -39?
46
Calculate -19 + -14 + (76 - 17) + 8.
34
(-199 - -220) + -8 + 30
43
Calculate (-46 - (-29 + 10)) + (-180 - -108).
-99
Evaluate -10 - 2 - (-7 + 11 + 12 - 73).
45
Evaluate (15 - (13 - 2 - -18 - 19)) + 6.
11
(-16 - (3 + -69)) + 17 - (-14 - -22)
59
Evaluate (-14 - (-15 - -18 - 13)) + 7.
3
What is the value of -429 + 369 - (1 - 20) - -15?
-26
What is 131 + (-3 + 1 - 2) + 2 - (-123 + 132)?
120
Calculate 15 - ((-426 - -447) + 36 + 5 + 2).
-49
Evaluate -39 + -26 + (-13 - -66).
-12
Evaluate -45 + (-3 + 68 - 45).
-25
Evaluate 27 - (5 + 11) - ((-23 - 94) + 4).
124
Calculate (-115 + 105 - (0 + 0)) + -71 + 36.
-45
What is the value of (16 - 24) + 14 - -2 - 19?
-11
Evaluate (-4 - (14 - 21)) + -8 - -32 - -7.
34
Evaluate 0 + -4 - (45 + (13 - 26) + -64).
28
Evaluate -17 - (6 - 12) - (6 - 55 - 11).
49
What is the value of -75 + 109 + -31 + 0 + 5 + -1?
7
Evaluate -2 + 10 + 18 - (113 - 42).
-45
-1 + (9 - 3) + (-11 - 2 - (-118 + 27))
83
25 + (10 - (16 + 0)) + -15
4
Evaluate 16 + 0 + 103 + (-82 - -60 - 14).
83
What is 4 + (13 - 28 - -18) + -5 + (-18 - 2)?
-18
Evaluate 4 - (-5 + 9 + -1) - ((16 - 55) + 4).
36
1 - 18 - (-36 - (12 - 64))
-33
What is the value of (9 + -10 - (102 - 0)) + (7 - (-1 - -6))?
-101
-34 + (3 - (2 - 5)) - -114
86
Calculate -96 + (-12 + (3 - -1) + 27 - 38).
-115
What is the value of 36 - 39 - (-25 - (0 + 2)) - 9?
15
Calculate -115 + (-36 - 0 - (-216 - -192) - (4 + -1)).
-130
Calculate 13 - ((-2 - 4) + 61 + -15 + 18).
-45
What is the value of 9 + (1 + (31 + 5 - -2) - (68 +